 prime factors of 3476.
2, 11, 79
List the prime factors of 117922.
2, 7, 8423
List the prime factors of 447.
3, 149
What are the prime factors of 61869?
3, 41, 503
List the prime factors of 7467.
3, 19, 131
List the prime factors of 76285.
5, 11, 19, 73
What are the prime factors of 26802?
2, 3, 1489
What are the prime factors of 2877?
3, 7, 137
What are the prime factors of 3921?
3, 1307
What are the prime factors of 833?
7, 17
What are the prime factors of 171902?
2, 23, 37, 101
What are the prime factors of 64649?
13, 4973
List the prime factors of 494.
2, 13, 19
What are the prime factors of 18863?
13, 1451
List the prime factors of 4507.
4507
List the prime factors of 4766.
2, 2383
List the prime factors of 6425.
5, 257
List the prime factors of 3924.
2, 3, 109
What are the prime factors of 89469?
3, 9941
What are the prime factors of 1561?
7, 223
List the prime factors of 16293.
3, 5431
List the prime factors of 29.
29
What are the prime factors of 62642?
2, 31321
List the prime factors of 1579.
1579
List the prime factors of 30386.
2, 15193
List the prime factors of 2462.
2, 1231
List the prime factors of 409.
409
What are the prime factors of 1578?
2, 3, 263
List the prime factors of 6266.
2, 13, 241
What are the prime factors of 2886?
2, 3, 13, 37
What are the prime factors of 1090?
2, 5, 109
What are the prime factors of 125543?
11, 101, 113
What are the prime factors of 18670?
2, 5, 1867
What are the prime factors of 1226?
2, 613
List the prime factors of 1374.
2, 3, 229
List the prime factors of 16368.
2, 3, 11, 31
List the prime factors of 7350.
2, 3, 5, 7
What are the prime factors of 10789?
10789
What are the prime factors of 12718?
2, 6359
What are the prime factors of 24373?
24373
What are the prime factors of 5421?
3, 13, 139
List the prime factors of 652.
2, 163
What are the prime factors of 8630?
2, 5, 863
List the prime factors of 6756.
2, 3, 563
What are the prime factors of 769?
769
List the prime factors of 16705.
5, 13, 257
What are the prime factors of 14811?
3, 4937
What are the prime factors of 928?
2, 29
List the prime factors of 6345.
3, 5, 47
List the prime factors of 1717.
17, 101
List the prime factors of 267.
3, 89
List the prime factors of 1381.
1381
List the prime factors of 49227.
3, 61, 269
List the prime factors of 145729.
61, 2389
What are the prime factors of 84396?
2, 3, 13, 541
What are the prime factors of 28956?
2, 3, 19, 127
What are the prime factors of 496?
2, 31
What are the prime factors of 1357?
23, 59
List the prime factors of 50134.
2, 7, 3581
What are the prime factors of 29175?
3, 5, 389
What are the prime factors of 20312?
2, 2539
What are the prime factors of 7710?
2, 3, 5, 257
What are the prime factors of 7425?
3, 5, 11
List the prime factors of 3741.
3, 29, 43
What are the prime factors of 623?
7, 89
What are the prime factors of 947?
947
What are the prime factors of 9804?
2, 3, 19, 43
List the prime factors of 6905.
5, 1381
List the prime factors of 20545.
5, 7, 587
List the prime factors of 57292.
2, 14323
What are the prime factors of 5736?
2, 3, 239
List the prime factors of 9802.
2, 13, 29
List the prime factors of 7936.
2, 31
What are the prime factors of 1280?
2, 5
What are the prime factors of 3941?
7, 563
What are the prime factors of 993?
3, 331
List the prime factors of 1039.
1039
List the prime factors of 90927.
3, 10103
List the prime factors of 67284.
2, 3, 7, 89
What are the prime factors of 3130?
2, 5, 313
What are the prime factors of 1147?
31, 37
List the prime factors of 10406.
2, 11, 43
What are the prime factors of 978?
2, 3, 163
What are the prime factors of 151389?
3, 7, 89
What are the prime factors of 6003?
3, 23, 29
What are the prime factors of 796?
2, 199
What are the prime factors of 5531?
5531
List the prime factors of 36002.
2, 47, 383
What are the prime factors of 8006?
2, 4003
What are the prime factors of 10604?
2, 11, 241
List the prime factors of 1141.
7, 163
List the prime factors of 48165.
3, 5, 13, 19
What are the prime factors of 5558?
2, 7, 397
List the prime factors of 73934.
2, 7, 5281
List the prime factors of 92403.
3, 10267
What are the prime factors of 24652?
2, 6163
List the prime factors of 31650.
2, 3, 5, 211
List the prime factors of 19884.
2, 3, 1657
What are the prime factors of 12951?
3, 1439
List the prime factors of 109606.
2, 7, 7829
List the prime factors of 16191.
3, 7, 257
What are the prime factors of 971?
971
What are the prime factors of 22546?
2, 11273
List the prime factors of 13736.
2, 17, 101
List the prime factors of 14745.
3, 5, 983
List the prime factors of 536.
2, 67
List the prime factors of 95465.
5, 61, 313
List the prime factors of 884.
2, 13, 17
List the prime factors of 999.
3, 37
What are the prime factors of 1644?
2, 3, 137
List the prime factors of 3801.
3, 7, 181
List the prime factors of 30839.
30839
What are the prime factors of 14967?
3, 1663
What are the prime factors of 2906?
2, 1453
What are the prime factors of 478?
2, 239
What are the prime factors of 39454?
2, 19727
What are the prime factors of 45848?
2, 11, 521
What are the prime factors of 27942?
2, 3, 4657
List the prime factors of 505.
5, 101
What are the prime factors of 30244?
2, 7561
List the prime factors of 3007.
31, 97
What are the prime factors of 23893?
23893
What are the prime factors of 497?
7, 71
What are the prime factors of 710?
2, 5, 71
What are the prime factors of 10537?
41, 257
What are the prime factors of 16370?
2, 5, 1637
What are the prime factors of 108610?
2, 5, 10861
List the prime factors of 4134.
2, 3, 13, 53
What are the prime factors of 2771?
17, 163
What are the prime factors of 2658?
2, 3, 443
List the prime factors of 11966.
2, 31, 193
List the prime factors of 11087.
11087
List the prime factors of 2013.
3, 11, 61
What are the prime factors of 985?
5, 197
What are the prime factors of 24949?
61, 409
List the prime factors of 1799.
7, 257
List the prime factors of 1073.
29, 37
List the prime factors of 9202.
2, 43, 107
What are the prime factors of 76372?
2, 61, 313
What are the prime factors of 972?
2, 3
List the prime factors of 887.
887
What are the prime factors of 5326?
2, 2663
List the prime factors of 82788.
2, 3, 6899
What are the prime factors of 121600?
2, 5, 19
What are the prime factors of 56891?
56891
What are the prime factors of 8032?
2, 251
What are the prime factors of 19794?
2, 3, 3299
List the prime factors of 297.
3, 11
What are the prime factors of 48230?
2, 5, 7, 13, 53
What are the prime factors of 260?
2, 5, 13
What are the prime factors of 4592?
2, 7, 41
What are the prime factors of 5712?
2, 3, 7, 17
What are the prime factors of 167587?
7, 89, 269
List the prime factors of 49114.
2, 13, 1889
List the prime factors of 30293.
30293
What are the prime factors of 828?
2, 3, 23
What are the prime factors of 2315?
5, 463
List the prime factors of 986.
2, 17, 29
What are the prime factors of 57524?
2, 73, 197
List the prime factors of 4134.
2, 3, 13, 53
List the prime factors of 5532.
2, 3, 461
List the prime factors of 13917.
3, 4639
What are the prime factors of 40302?
2, 3, 2239
List the prime factors of 228.
2, 3, 19
What are the prime factors of 1070?
2, 5, 107
What are the prime factors of 2295?
3, 5, 17
What are the prime factors of 436?
2, 109
What are the prime factors of 758?
2, 379
List the prime factors of 566.
2, 283
What are the prime factors of 152?
2, 19
List the prime factors of 25343.
25343
List the prime factors of 1473.
3, 491
What are the prime factors of 91740?
2, 3, 5, 11, 139
What are the prime factors of 5027?
11, 457
What are the prime factors of 97605?
3, 5, 241
List the prime factors of 90891.
3, 10099
List the prime factors of 8931.
3, 13, 229
List the prime factors of 666.
2, 3, 37
What are the prime factors of 2542?
2, 31, 41
List the prime factors of 1854.
2, 3, 103
What are the prime factors of 205?
5, 41
What are the prime factors of 446?
2, 223
List the prime factors of 1315.
5, 263
List the prime factors of 27072.
2, 3, 47
List the prime factors of 9156.
2, 3, 7, 109
List the prime factors of 2558.
2, 1279
What are the prime factors of 755?
5, 151
What are the prime factors of 385?
5, 7, 11
List the prime factors of 10267.
10267
List the prime facto